k(2). Suppose 141*d - a*d = -3675. What is the remainder when d is divided by 76?
17
Let m = -825 + 786. Calculate the remainder when 111 is divided by (-6)/(1*9/m).
7
Let i = 27 - 22. Suppose -i*z = -7*z + 8. Let p = 30 + -16. Calculate the remainder when p is divided by z.
2
Calculate the remainder when 355 is divided by 6 - (10 + -3) - (1 - 77).
55
Suppose -2*g - 221 = -5*a, a - 8 = -3. Let c(j) = j - 88. Let o be c(15). Let k = o - g. What is the remainder when k is divided by 14?
11
Suppose 5*n + 4*b = 53, 4*n - 2*b - 142 = -110. What is the remainder when 449 is divided by n?
8
Suppose -5*i + c - 4628 = -10*i, -4*i + 5*c + 3743 = 0. What is the remainder when i is divided by 49?
45
Let l(t) = 24*t + 753. Calculate the remainder when 732 is divided by l(-27).
102
Suppose 3*k - 3*x - 25 = -5*x, 8 = -2*x. Suppose -4*v + 1 = -k. Suppose -v*l + 5 = -4. Calculate the remainder when l is divided by 1.
0
Suppose -9*m = -10*m - 9. Let b(p) = p + 9. Let y be b(m). Suppose v - 7 - 4 = y. Calculate the remainder when 29 is divided by v.
7
Suppose -144 = 16*k - 28*k. Suppose 2*f - f + 68 = 0. Let i = f - -97. What is the remainder when i is divided by k?
5
Suppose h - 1040 - 236 = -m, 3*h - 3848 = m. What is the remainder when h is divided by 107?
104
Let d = 5379 - 5366. Calculate the remainder when (-2 - 75/(-6))*(0 - -2) is divided by d.
8
Let c = -39 + 59. Let y be (-1)/(0 - (-4)/(-28)). Let p(t) = 2*t**2 - 5*t - 5. Calculate the remainder when p(y) is divided by c.
18
Suppose 0 = 7*k - 0*k + 98. Let y be 0 + (8/(-6))/(k/42). Suppose y*x - 36 = x. What is the remainder when 93 is divided by x?
9
Suppose 0 = 2725*z - 2718*z - 77. What is the remainder when 14 is divided by z?
3
Let m(v) = 22*v**2 - 48*v - 30. What is the remainder when m(4) is divided by 39?
13
Suppose -92 = 5*z - z. Let c = z - -54. Let u = -26 + c. What is the remainder when 9 is divided by u?
4
Suppose -11 = 5*g + 5*j - 771, -3*g + 3*j = -462. Suppose 4*c - g - 111 = 0. What is the remainder when 108 is divided by c?
42
Let t(p) = 993*p**3 + 6*p**2 + 19 - 994*p**3 - 2*p + 3*p. What is the remainder when 45 is divided by t(6)?
20
Suppose -4*b = -p - 247, -2*p + 157 = 2*b + 41. Let f be (-7 - -2) + 2 + -2 + 4. What is the remainder when b is divided by (f - -2)/(((-45)/(-24))/15)?
5
Let b(l) = 5*l**2 - 8*l + 16. Let t be b(2). Let s(h) = -h**3 + 22*h**2 - 43*h + 97. What is the remainder when 146 is divided by s(t)?
35
Let l be -33*(-4)/30 - 18/(-30). Suppose -b - 77 = 5*i - 221, -l*i + b = -136. Suppose 2*k = 3*k - i. Calculate the remainder when k is divided by 15.
13
Suppose 1590*d - 1597*d = -11543. What is the remainder when d is divided by 22?
21
Suppose -m + 135 = -4*b - 210, 0 = -4*m + 4. Let d = b - -122. Suppose -q + 5 = 0, 2*q = 94*a - 98*a + 90. What is the remainder when d is divided by a?
16
Let j(u) = 1503*u + 7627. Calculate the remainder when 360 is divided by j(-5).
24
Let m = -1757 - -1912. Calculate the remainder when m is divided by 49.
8
Let g be (12/10)/(3/10). Suppose 1 = q - g. Calculate the remainder when 45 is divided by 2/5*150/q.
9
Suppose 1020 = 14*i - 10*i + 5*d, -3*i - 2*d + 772 = 0. Suppose 15*q - i = 175. What is the remainder when 82 is divided by q?
24
Suppose -164 = -4*n + 3*y + 104, 2*y = -4*n + 288. Calculate the remainder when 18056 is divided by n.
66
Suppose 14 = -p + 39. Suppose 20*o - p*o = -85. What is the remainder when o is divided by 4?
1
Let h be (-2 + 1)/(5 + (-64)/12). Calculate the remainder when 74 + (4 - 4/1)/h is divided by 21.
11
Let d(w) = w**2 + 71*w + 1039. What is the remainder when 2238 is divided by d(-51)?
15
Suppose 131*d = 102*d + 4582. What is the remainder when 3328 is divided by d?
10
Let z(m) = 85*m - 137. Let p be z(3). Suppose -3*c + 3 = 0, -3*w - 5 = 5*c - p. Calculate the remainder when w is divided by 20.
16
Let w(o) = o**2 + 6*o + 2. Let x be w(-6). Suppose 42 = 5*d - x*d. Calculate the remainder when 22/99 + 464/18 is divided by d.
12
Let z = 43 + -27. Suppose 0*q + 2*v = 3*q - z, 3*q - 4*v = 26. Calculate the remainder when q is divided by 1/2 + 1/2.
0
Let y = 43 + 35. Let s(t) = -5*t + 80. Calculate the remainder when y is divided by s(8).
38
Let i = -5 - -3. Suppose 2*v - 110*l + 107*l = 1, 0 = 3*v - 2*l + 6. Calculate the remainder when -1*(-2)/(i/332*v) is divided by 17.
15
Suppose -2*h = o + 2*o - 37, 5*o = 5*h + 45. Suppose 2*c + 88 = 32. Let b = -9 - c. What is the remainder when b is divided by o?
8
Let o(x) = -15*x. Let g = -241 - -246. Suppose -10 = -2*l, -40 = -0*u - g*u + l. What is the remainder when o(-1) is divided by u?
6
Let r = -15057 - -15503. Calculate the remainder when r is divided by 91.
82
Suppose 0 = 16*q - 1228 + 188. Let z = -55 + q. What is the remainder when 48 is divided by z?
8
Let t(f) = f**3 - 11*f**2 - 4*f + 44. Let l be t(11). Suppose 2*u + l*u = 5*r + 12, -u + 8 = -3*r. Calculate the remainder when 54 is divided by u + 33/(1/1).
25
Let r be (-4)/18 + (-2 - 3250/(-45)). Let w be (r/6 + -2)/(2/(-18)). Let a = 162 + w. Calculate the remainder when a is divided by 19.
18
Let x(t) be the first derivative of t**3 - 27*t**2/2 + 9*t - 61. What is the remainder when x(11) is divided by 38?
37
Let o = 14305 - 13859. What is the remainder when o is divided by 94?
70
Suppose 10*z + 923 = 1313. Calculate the remainder when 4/(-6) + (-4907)/(-21) is divided by z.
38
Suppose 1143 = 3*v + 3*j, 3*j + 759 = 2*v + 8*j. Calculate the remainder when v is divided by 177.
28
Suppose 1035 - 485 = 11*j. Calculate the remainder when 25149 is divided by j.
49
Let d(m) = m**3 - 13*m**2 + 4*m + 7. Suppose 0 = -11*u + 94 + 49. Calculate the remainder when d(u) is divided by 13.
7
Suppose -43*k + 34*k = 54. Let a(m) = -m**2 - 11*m - 9. Calculate the remainder when 99 is divided by a(k).
15
Let d = -1169 + 1210. What is the remainder when 2283 is divided by d?
28
Let y(l) = -l + 6. Let u be y(3). Suppose u*x - 48 = -0*x. What is the remainder when x is divided by 18/(5 + -3 + 0)?
7
Suppose 5*i = -3*a + 6126, i + 1054*a - 1226 = 1053*a. What is the remainder when i is divided by 98?
48
Let t(k) = -6*k**2 + 33*k + 55. Let c be t(21). Let f = 1975 + c. Calculate the remainder when f is divided by (-2)/(-6) + 47/3.
13
Let a = 1512 - -1165. Calculate the remainder when a is divided by 57.
55
Let g(u) = -2*u. Let n(m) = 2*m**3 + 12*m**2 + 4*m - 2. Let x(r) = 2*g(r) + n(r). What is the remainder when 92 is divided by x(-5)?
44
Calculate the remainder when (-16543)/(-5) + (-32)/320*-4 is divided by 77.
75
Suppose 0 = 5*w - 25 - 10. Let c = 11 - w. Suppose -o - 76 = -5*o. Calculate the remainder when o is divided by c.
3
Let h = 41 - 43. Let a(j) = 33*j**2 - j. Let c be a(h). Let v = c - 77. Calculate the remainder when v is divided by 12.
9
Let s(m) = m**2 - m + 107. Let h(d) = d + 15. Let r be h(-10). Suppose r*f = 90 + 95. What is the remainder when s(0) is divided by f?
33
Let v be -3 - (0 - 2) - (-3 - -2). Suppose 64 + 28 = 5*a + 2*m, -2*a - 3*m + 39 = v. Calculate the remainder when 52 is divided by a.
16
Suppose -6*z = -322 + 88. What is the remainder when ((-7)/((-910)/26))/((-2)/(-1510)) is divided by z?
34
Suppose -5046140 = -559*a + 6041066. Calculate the remainder when a is divided by 114.
112
Suppose 0*l = 2*l - 102. Let p(s) = -s**3 + 11*s**2 + 26*s + 85. What is the remainder when p(12) is divided by l?
49
Suppose 0 = -4*o + 91 + 85. Let a = -473 + 688. Calculate the remainder when a is divided by o.
39
Suppose -2626 = -3*c - 928. Suppose -80 = 9*w - c. Calculate the remainder when 267 is divided by w.
51
Suppose 5*f + 26 - 211 = 0. Let o be 0/(-6) - (-16)/(-2). Let d = 118 + o. Calculate the remainder when d is divided by f.
36
Let k(x) = 4*x**3 + x**2 - 49*x + 91. What is the remainder when k(2) is divided by (-1)/(2/(13*-2))?
3
Suppose 24897 = -267*u + 48762 + 41817. What is the remainder when u is divided by (-31)/(-4) - (-1)/4?
6
Let z = -361 - -374. Let q = 121 - -21. Suppose -2*m = 3*a - 231, 4*m + 430 = 4*a + q. Calculate the remainder when a is divided by z.
10
Let n be (-2)/4 + 343/14. Let m = -84 - -104. What is the remainder when (8/n)/(3/1044) is divided by m?
16
Suppose -83*z + 259 = -46*z. What is the remainder when 2098 is divided by z?
5
Let g(d) = -71*d + 348. What is the